653.
11, 19, 2917
What are the prime factors of 294075?
3, 5, 1307
What are the prime factors of 1663417?
7, 237631
What are the prime factors of 390102?
2, 3, 79, 823
What are the prime factors of 107206?
2, 11, 443
List the prime factors of 84085.
5, 67, 251
List the prime factors of 417105.
3, 5, 13, 23, 31
What are the prime factors of 931294?
2, 7, 13, 17, 43
What are the prime factors of 3074479?
23, 133673
List the prime factors of 530380.
2, 5, 23, 1153
List the prime factors of 1316582.
2, 17, 38723
What are the prime factors of 1563860?
2, 5, 78193
List the prime factors of 2533197.
3, 23, 36713
What are the prime factors of 295102?
2, 147551
List the prime factors of 2242488.
2, 3, 223, 419
What are the prime factors of 856514?
2, 241, 1777
What are the prime factors of 308991?
3, 127, 811
What are the prime factors of 396759?
3, 11, 1093
What are the prime factors of 11816157?
3, 19, 207301
List the prime factors of 11409692.
2, 7, 407489
List the prime factors of 274358.
2, 7, 19597
What are the prime factors of 690244?
2, 172561
What are the prime factors of 2215889?
13, 23, 7411
What are the prime factors of 12655402?
2, 1289, 4909
List the prime factors of 1145619.
3, 127291
List the prime factors of 998612.
2, 421, 593
What are the prime factors of 22298858?
2, 31, 457, 787
List the prime factors of 537784.
2, 13, 5171
List the prime factors of 91209.
3, 30403
What are the prime factors of 207331?
207331
List the prime factors of 532695.
3, 5, 17, 2089
What are the prime factors of 20111961?
3, 283, 23689
List the prime factors of 13158794.
2, 11, 598127
What are the prime factors of 257233?
71, 3623
List the prime factors of 186309.
3, 127, 163
What are the prime factors of 9712937?
13, 4421
List the prime factors of 1402702.
2, 7, 100193
List the prime factors of 572336.
2, 35771
What are the prime factors of 3174307?
31, 102397
List the prime factors of 2692361.
7, 384623
List the prime factors of 5170651.
83, 62297
What are the prime factors of 376491?
3, 125497
What are the prime factors of 501076?
2, 125269
List the prime factors of 305595.
3, 5, 6791
What are the prime factors of 1755451?
1755451
What are the prime factors of 3954574?
2, 13, 17, 23, 389
What are the prime factors of 8762052?
2, 3, 13, 56167
What are the prime factors of 108917?
108917
List the prime factors of 84861.
3, 7, 449
List the prime factors of 117372.
2, 3, 9781
What are the prime factors of 14893691?
14893691
What are the prime factors of 14461433?
7, 1103, 1873
List the prime factors of 141337.
7, 61, 331
What are the prime factors of 638972?
2, 31, 5153
What are the prime factors of 466000?
2, 5, 233
List the prime factors of 2193719.
11, 199429
List the prime factors of 2362473.
3, 17, 5147
List the prime factors of 138394.
2, 69197
List the prime factors of 7004361.
3, 7, 13, 25657
What are the prime factors of 1630776?
2, 3, 7, 17, 571
What are the prime factors of 6940612?
2, 7, 247879
List the prime factors of 4785895.
5, 103, 9293
What are the prime factors of 2091877?
2091877
What are the prime factors of 10435818?
2, 3, 1739303
List the prime factors of 1931935.
5, 47, 8221
What are the prime factors of 12560378?
2, 6280189
List the prime factors of 1671564.
2, 3, 139297
List the prime factors of 660475.
5, 29, 911
List the prime factors of 1970817.
3, 656939
List the prime factors of 134659.
7, 19237
What are the prime factors of 7224814?
2, 3612407
What are the prime factors of 162168?
2, 3, 29, 233
What are the prime factors of 1591371?
3, 176819
List the prime factors of 592894.
2, 23, 12889
What are the prime factors of 8204907?
3, 2734969
What are the prime factors of 437845?
5, 67, 1307
What are the prime factors of 30942544?
2, 23, 47, 1789
List the prime factors of 2808940.
2, 5, 29, 167
List the prime factors of 1168947.
3, 13, 97, 103
List the prime factors of 2851290.
2, 3, 5, 13, 2437
List the prime factors of 7083.
3, 787
List the prime factors of 109067.
7, 15581
List the prime factors of 15184613.
15184613
List the prime factors of 169074.
2, 3, 31, 101
What are the prime factors of 2084191?
23, 90617
List the prime factors of 12868.
2, 3217
List the prime factors of 360616.
2, 45077
List the prime factors of 384299.
384299
What are the prime factors of 75947?
173, 439
What are the prime factors of 6595073?
269, 24517
List the prime factors of 463589.
7, 9461
What are the prime factors of 36179834?
2, 18089917
What are the prime factors of 1815832?
2, 353, 643
What are the prime factors of 3035779?
3035779
List the prime factors of 10075915.
5, 2015183
What are the prime factors of 3663491?
13, 281807
List the prime factors of 3333769.
863, 3863
What are the prime factors of 2583882?
2, 3, 7, 20507
What are the prime factors of 479882?
2, 13, 18457
List the prime factors of 2296372.
2, 13, 43, 79
What are the prime factors of 432341?
7, 13, 4751
What are the prime factors of 1527901?
1527901
List the prime factors of 2140155.
3, 5, 83, 191
What are the prime factors of 5759840?
2, 5, 35999
List the prime factors of 8818.
2, 4409
What are the prime factors of 719472?
2, 3, 13, 1153
What are the prime factors of 154468?
2, 23, 73
List the prime factors of 5026599.
3, 29, 19259
What are the prime factors of 1504757?
1504757
List the prime factors of 197448.
2, 3, 19, 433
List the prime factors of 626853.
3, 223, 937
List the prime factors of 22108121.
7, 29, 108907
What are the prime factors of 11244?
2, 3, 937
List the prime factors of 5997057.
3, 11, 181729
What are the prime factors of 349419?
3, 7, 2377
List the prime factors of 4219977.
3, 43, 32713
List the prime factors of 10728781.
7, 293, 5231
List the prime factors of 20823557.
20823557
List the prime factors of 92415.
3, 5, 61, 101
List the prime factors of 1886822.
2, 7, 307, 439
List the prime factors of 127734.
2, 3, 61, 349
What are the prime factors of 5863647?
3, 19, 102871
List the prime factors of 7716415.
5, 7, 220469
What are the prime factors of 490758?
2, 3, 263, 311
What are the prime factors of 3736146?
2, 3, 541, 1151
List the prime factors of 13809604.
2, 263, 13127
List the prime factors of 336331.
89, 3779
What are the prime factors of 129021?
3, 29, 1483
List the prime factors of 5208618.
2, 3, 868103
List the prime factors of 35098652.
2, 8774663
List the prime factors of 501891.
3, 13, 17, 757
List the prime factors of 1600552.
2, 59, 3391
List the prime factors of 946935.
3, 5, 11, 1913
List the prime factors of 1479830.
2, 5, 11, 1223
List the prime factors of 1850493.
3, 109, 5659
List the prime factors of 1538259.
3, 19, 26987
List the prime factors of 7985059.
149, 53591
What are the prime factors of 522597?
3, 17, 10247
List the prime factors of 3465851.
3465851
List the prime factors of 193790.
2, 5, 19379
What are the prime factors of 13648215?
3, 5, 7, 31, 599
List the prime factors of 2139460.
2, 5, 23, 4651
List the prime factors of 12979525.
5, 13, 39937
List the prime factors of 13377437.
13377437
What are the prime factors of 4915570?
2, 5, 11, 44687
List the prime factors of 2031325.
5, 193, 421
List the prime factors of 692936.
2, 37, 2341
What are the prime factors of 37183332?
2, 3, 269, 11519
List the prime factors of 19513.
13, 19, 79
What are the prime factors of 7383913?
19, 569, 683
List the prime factors of 364240.
2, 5, 29, 157
What are the prime factors of 265306?
2, 109, 1217
What are the prime factors of 7693293?
3, 23, 111497
List the prime factors of 17606876.
2, 7, 41, 313
What are the prime factors of 934181?
67, 73, 191
List the prime factors of 270253.
131, 2063
What are the prime factors of 104513?
104513
List the prime factors of 347900.
2, 5, 7, 71
What are the prime factors of 2069225?
5, 37, 2237
What are the prime factors of 7054692?
2, 3, 587891
List the prime factors of 23207.
23, 1009
List the prime factors of 13128999.
3, 13, 227, 1483
List the prime factors of 8035429.
1283, 6263
List the prime factors of 4059423.
3, 251, 599
What are the prime factors of 34085577?
3, 79, 143821
What are the prime factors of 79690?
2, 5, 13, 613
List the prime factors of 3464641.
569, 6089
List the prime factors of 54477.
3, 6053
List the prime factors of 85559.
67, 1277
List the prime factors of 582533.
7,